{"id":9533,"date":"2023-10-24T18:19:10","date_gmt":"2023-10-24T16:19:10","guid":{"rendered":"https:\/\/calmastudio.com\/?page_id=9533"},"modified":"2026-04-27T15:52:03","modified_gmt":"2026-04-27T13:52:03","slug":"cours-pilates","status":"publish","type":"page","link":"https:\/\/calmastudio.com\/en\/booking\/cours-pilates\/","title":{"rendered":"Les cours"},"content":{"rendered":"\t\t<div data-elementor-type=\"wp-page\" data-elementor-id=\"9533\" class=\"elementor elementor-9533\">\n\t\t\t\t<div class=\"elementor-element elementor-element-9f02c18 e-flex e-con-boxed wpr-particle-no wpr-jarallax-no wpr-parallax-no wpr-sticky-section-no wpr-equal-height-no e-con e-parent\" data-id=\"9f02c18\" data-element_type=\"container\" data-e-type=\"container\" data-settings=\"{&quot;background_background&quot;:&quot;classic&quot;,&quot;sticky_logo_enable&quot;:&quot;no&quot;}\">\n\t\t\t\t\t<div class=\"e-con-inner\">\n\t\t<div class=\"elementor-element elementor-element-1d8937b e-con-full e-flex wpr-particle-no wpr-jarallax-no wpr-parallax-no wpr-sticky-section-no wpr-equal-height-no e-con e-child\" data-id=\"1d8937b\" data-element_type=\"container\" data-e-type=\"container\" data-settings=\"{&quot;sticky_logo_enable&quot;:&quot;no&quot;}\">\n\t\t\t\t<div class=\"elementor-element elementor-element-8731a86 sticky-heading-prefixstyle elementor-widget elementor-widget-heading\" data-id=\"8731a86\" data-element_type=\"widget\" data-e-type=\"widget\" data-widget_type=\"heading.default\">\n\t\t\t\t\t<h5 class=\"elementor-heading-title elementor-size-default\">R\u00c9SERVEZ VOS COURS<\/h5>\t\t\t\t<\/div>\n\t\t\t\t<\/div>\n\t\t\t\t\t<\/div>\n\t\t\t\t<\/div>\n\t\t<div class=\"elementor-element elementor-element-68893de e-con-full e-flex wpr-particle-no wpr-jarallax-no wpr-parallax-no wpr-sticky-section-no wpr-equal-height-no e-con e-parent\" data-id=\"68893de\" data-element_type=\"container\" data-e-type=\"container\" data-settings=\"{&quot;background_background&quot;:&quot;classic&quot;,&quot;sticky_logo_enable&quot;:&quot;no&quot;}\">\n\t\t<div class=\"elementor-element elementor-element-07ed074 e-con-full e-flex wpr-particle-no wpr-jarallax-no wpr-parallax-no wpr-sticky-section-no wpr-equal-height-no e-con e-child\" data-id=\"07ed074\" data-element_type=\"container\" data-e-type=\"container\" data-settings=\"{&quot;sticky_logo_enable&quot;:&quot;no&quot;}\">\n\t\t\t\t<div class=\"elementor-element elementor-element-0b29307 sticky-heading-prefixstyle elementor-widget elementor-widget-heading\" data-id=\"0b29307\" data-element_type=\"widget\" data-e-type=\"widget\" data-widget_type=\"heading.default\">\n\t\t\t\t\t<h4 class=\"elementor-heading-title elementor-size-default\">QUEL COURS CHOISIR ET COMMENT LE R\u00c9SERVER ?<\/h4>\t\t\t\t<\/div>\n\t\t\t\t<div class=\"elementor-element elementor-element-d910bbc elementor-widget__width-inherit elementor-widget elementor-widget-text-editor\" data-id=\"d910bbc\" data-element_type=\"widget\" data-e-type=\"widget\" data-widget_type=\"text-editor.default\">\n\t\t\t\t\t\t\t\t\t<p>Veuillez consulter nos <strong><a href=\"\/pilates-biarritz\/\">cours de Pilates<\/a><\/strong> et <strong><a title=\"Planning\" href=\"https:\/\/calmastudio.com\/booking\/planning\/\">notre planning<\/a><\/strong> pour bien choisir votre cours.<\/p><p>Les cours collectifs sont r\u00e9serv\u00e9s via le formulaire ci-dessous.\u00a0<\/p><p>Les \u00e9l\u00e8ves avec<strong>\u00a0un forfait \u2013\u00a0<\/strong>veuillez r\u00e9server en utilisant\u00a0 <a title=\"Client login\" href=\"https:\/\/calmastudio.com\/booking\/customer-panel\/\"><strong>MON COMPTE<\/strong><\/a><\/p><p>Les cours priv\u00e9s sont r\u00e9serv\u00e9s uniquement sur rendez-vous. <strong><a title=\"Contactez-nous\" href=\"\/contact\/\">Contactez-nous<\/a><\/strong> directement.<\/p>\t\t\t\t\t\t\t\t<\/div>\n\t\t\t\t<div class=\"elementor-element elementor-element-dde8a77 elementor-widget__width-inherit elementor-widget elementor-widget-text-editor\" data-id=\"dde8a77\" data-element_type=\"widget\" data-e-type=\"widget\" data-widget_type=\"text-editor.default\">\n\t\t\t\t\t\t\t\t\t<p><strong>ATTENTION<br \/><\/strong><strong>Tous les cours sur Appareils sont personnalis\u00e9es.<br \/><\/strong><em>( aussi ouverts aux femmes enceintes et mamans en postnatal, sans b\u00e9b\u00e9s )<\/em><strong><br \/><\/strong><strong>Le cr\u00e9neau Pr\u00e9 &amp; Postnatal sur Appareils<br \/><\/strong><em>( b\u00e9b\u00e9s bienvenus ) &#8211; Mercredi 12h15 &#8211; est aussi disponible aux autres \u00e9l\u00e8ves.\u00a0<\/em><\/p>\t\t\t\t\t\t\t\t<\/div>\n\t\t\t\t<\/div>\n\t\t\t\t<\/div>\n\t\t<div class=\"elementor-element elementor-element-073ab7a e-con-full e-flex wpr-particle-no wpr-jarallax-no wpr-parallax-no wpr-sticky-section-no wpr-equal-height-no e-con e-parent\" data-id=\"073ab7a\" data-element_type=\"container\" data-e-type=\"container\" data-settings=\"{&quot;background_background&quot;:&quot;classic&quot;,&quot;sticky_logo_enable&quot;:&quot;no&quot;}\">\n\t\t<div class=\"elementor-element elementor-element-24a1cce e-con-full e-flex wpr-particle-no wpr-jarallax-no wpr-parallax-no wpr-sticky-section-no wpr-equal-height-no e-con e-child\" data-id=\"24a1cce\" data-element_type=\"container\" data-e-type=\"container\" data-settings=\"{&quot;sticky_logo_enable&quot;:&quot;no&quot;}\">\n\t\t\t\t<div class=\"elementor-element elementor-element-061399d elementor-widget elementor-widget-text-editor\" data-id=\"061399d\" data-element_type=\"widget\" data-e-type=\"widget\" data-widget_type=\"text-editor.default\">\n\t\t\t\t\t\t\t\t\t<h3>INFORMATIONS IMPORTANTES\u00a0<\/h3><p>Les annulations et les reports sont possibles jusqu&rsquo;\u00e0 <strong>24h<\/strong> avant les cours uniquement.\u00a0 Pass\u00e9 ce d\u00e9lai, le cours sera consid\u00e9r\u00e9 comme d\u00fb.\u00a0<\/p><p>Comme notre studio est de petite taille et que les places sont limit\u00e9es, cette politique nous aide \u00e0 en assurer le bon fonctionnement.<\/p><p>Merci de votre compr\u00e9hension.\u00a0<\/p>\t\t\t\t\t\t\t\t<\/div>\n\t\t\t\t<\/div>\n\t\t\t\t<\/div>\n\t\t<div class=\"elementor-element elementor-element-7834e01 e-flex e-con-boxed wpr-particle-no wpr-jarallax-no wpr-parallax-no wpr-sticky-section-no wpr-equal-height-no e-con e-parent\" data-id=\"7834e01\" data-element_type=\"container\" data-e-type=\"container\" data-settings=\"{&quot;sticky_logo_enable&quot;:&quot;no&quot;}\">\n\t\t\t\t\t<div class=\"e-con-inner\">\n\t\t\t\t<div class=\"elementor-element elementor-element-37dac67 elementor-widget__width-inherit elementor-widget elementor-widget-catalogbooking\" data-id=\"37dac67\" data-element_type=\"widget\" data-e-type=\"widget\" data-widget_type=\"catalogbooking.default\">\n\t\t\t\t<div class=\"elementor-widget-container\">\n\t\t\t\t\t\n<script data-jetpack-boost=\"ignore\">\n  if (typeof hasAmeliaEntitiesApiCall === 'undefined' && ('' === '' && '' !== '1')) {\n    var hasAmeliaEntitiesApiCall = true;\n  }\n  var ameliaShortcodeData = (typeof ameliaShortcodeData === 'undefined') ? [] : ameliaShortcodeData;\n  ameliaShortcodeData.push(\n    {\n      'hasApiCall': (typeof hasAmeliaEntitiesApiCall !== 'undefined') && hasAmeliaEntitiesApiCall,\n      'trigger': '',\n      'trigger_type': '',\n      'triggered_form': 'cbf',\n      'in_dialog': '',\n      'show': 'services',\n      'counter': '1000',\n      'package': '',\n      'category': '3',\n      'service': '',\n      'employee': '1',\n      'location': '',\n      'categories_hidden': ''\n    }\n  );\n  var ameliaShortcodeDataTriggered = (typeof ameliaShortcodeDataTriggered === 'undefined') ? [] : ameliaShortcodeDataTriggered;\n  if (ameliaShortcodeData[ameliaShortcodeData.length - 1].trigger !== '') {\n    if (ameliaShortcodeDataTriggered.filter(a => a.counter === ameliaShortcodeData[ameliaShortcodeData.length - 1].counter).length === 0) {\n      ameliaShortcodeDataTriggered.push(ameliaShortcodeData.pop());\n    } else {\n      ameliaShortcodeData.pop()\n    }\n  }\n  if (typeof hasAmeliaEntitiesApiCall !== 'undefined' && hasAmeliaEntitiesApiCall) {\n    hasAmeliaEntitiesApiCall = false;\n  }\n<\/script>\n\n<div\n  id=\"amelia-v2-booking-1000\"\n  class=\"amelia-v2-booking\"\n>\n    <catalog-form-wrapper><\/catalog-form-wrapper><\/div>\n\t\t\t\t<\/div>\n\t\t\t\t<\/div>\n\t\t\t\t\t<\/div>\n\t\t\t\t<\/div>\n\t\t\t\t<\/div>\n\t\t","protected":false},"excerpt":{"rendered":"<p>R\u00c9SERVEZ VOS COURS QUEL COURS CHOISIR ET COMMENT LE R\u00c9SERVER ? Veuillez consulter nos cours de Pilates et notre planning pour bien choisir votre cours. Les cours collectifs sont r\u00e9serv\u00e9s via le formulaire ci-dessous.\u00a0 Les \u00e9l\u00e8ves avec\u00a0un forfait \u2013\u00a0veuillez r\u00e9server en utilisant\u00a0 MON COMPTE Les cours priv\u00e9s sont r\u00e9serv\u00e9s uniquement sur rendez-vous. Contactez-nous directement. ATTENTIONTous les cours sur Appareils sont personnalis\u00e9es.( aussi ouverts aux femmes enceintes et mamans en postnatal, sans b\u00e9b\u00e9s )Le cr\u00e9neau Pr\u00e9 &amp; Postnatal sur Appareils( b\u00e9b\u00e9s bienvenus ) &#8211; Mercredi 12h15 &#8211; est aussi disponible aux autres \u00e9l\u00e8ves.\u00a0 INFORMATIONS IMPORTANTES\u00a0 Les annulations et les reports sont possibles jusqu&rsquo;\u00e0 24h avant les cours uniquement.\u00a0 Pass\u00e9 ce d\u00e9lai, le cours sera consid\u00e9r\u00e9 comme d\u00fb.\u00a0 Comme notre studio est de petite taille et que les places sont limit\u00e9es, cette politique nous aide \u00e0 en assurer le bon fonctionnement. Merci de votre compr\u00e9hension.\u00a0<\/p>","protected":false},"author":2,"featured_media":0,"parent":3275,"menu_order":0,"comment_status":"closed","ping_status":"closed","template":"elementor_header_footer","meta":{"om_disable_all_campaigns":false,"_monsterinsights_skip_tracking":false,"_monsterinsights_sitenote_active":false,"_monsterinsights_sitenote_note":"","_monsterinsights_sitenote_category":0,"_uf_show_specific_survey":0,"_uf_disable_surveys":false,"footnotes":""},"class_list":["post-9533","page","type-page","status-publish","hentry"],"aioseo_notices":[],"_links":{"self":[{"href":"https:\/\/calmastudio.com\/en\/wp-json\/wp\/v2\/pages\/9533","targetHints":{"allow":["GET"]}}],"collection":[{"href":"https:\/\/calmastudio.com\/en\/wp-json\/wp\/v2\/pages"}],"about":[{"href":"https:\/\/calmastudio.com\/en\/wp-json\/wp\/v2\/types\/page"}],"author":[{"embeddable":true,"href":"https:\/\/calmastudio.com\/en\/wp-json\/wp\/v2\/users\/2"}],"replies":[{"embeddable":true,"href":"https:\/\/calmastudio.com\/en\/wp-json\/wp\/v2\/comments?post=9533"}],"version-history":[{"count":246,"href":"https:\/\/calmastudio.com\/en\/wp-json\/wp\/v2\/pages\/9533\/revisions"}],"predecessor-version":[{"id":16840,"href":"https:\/\/calmastudio.com\/en\/wp-json\/wp\/v2\/pages\/9533\/revisions\/16840"}],"up":[{"embeddable":true,"href":"https:\/\/calmastudio.com\/en\/wp-json\/wp\/v2\/pages\/3275"}],"wp:attachment":[{"href":"https:\/\/calmastudio.com\/en\/wp-json\/wp\/v2\/media?parent=9533"}],"curies":[{"name":"wp","href":"https:\/\/api.w.org\/{rel}","templated":true}]}}

<div data-elementor-type="wp-page" data-elementor-id="9533" class="elementor elementor-9533">
				<div class="elementor-element elementor-element-9f02c18 e-flex e-con-boxed wpr-particle-no wpr-jarallax-no wpr-parallax-no wpr-sticky-section-no wpr-equal-height-no e-con e-parent" data-id="9f02c18" data-element_type="container" data-e-type="container" data-settings="{&quot;background_background&quot;:&quot;classic&quot;,&quot;sticky_logo_enable&quot;:&quot;no&quot;}">
					<div class="e-con-inner">
		<div class="elementor-element elementor-element-1d8937b e-con-full e-flex wpr-particle-no wpr-jarallax-no wpr-parallax-no wpr-sticky-section-no wpr-equal-height-no e-con e-child" data-id="1d8937b" data-element_type="container" data-e-type="container" data-settings="{&quot;sticky_logo_enable&quot;:&quot;no&quot;}">
				<div class="elementor-element elementor-element-8731a86 sticky-heading-prefixstyle elementor-widget elementor-widget-heading" data-id="8731a86" data-element_type="widget" data-e-type="widget" data-widget_type="heading.default">
					<h5 class="elementor-heading-title elementor-size-default">RÉSERVEZ VOS COURS</h5>				</div>
				</div>
					</div>
				</div>
		<div class="elementor-element elementor-element-68893de e-con-full e-flex wpr-particle-no wpr-jarallax-no wpr-parallax-no wpr-sticky-section-no wpr-equal-height-no e-con e-parent" data-id="68893de" data-element_type="container" data-e-type="container" data-settings="{&quot;background_background&quot;:&quot;classic&quot;,&quot;sticky_logo_enable&quot;:&quot;no&quot;}">
		<div class="elementor-element elementor-element-07ed074 e-con-full e-flex wpr-particle-no wpr-jarallax-no wpr-parallax-no wpr-sticky-section-no wpr-equal-height-no e-con e-child" data-id="07ed074" data-element_type="container" data-e-type="container" data-settings="{&quot;sticky_logo_enable&quot;:&quot;no&quot;}">
				<div class="elementor-element elementor-element-0b29307 sticky-heading-prefixstyle elementor-widget elementor-widget-heading" data-id="0b29307" data-element_type="widget" data-e-type="widget" data-widget_type="heading.default">
					<h4 class="elementor-heading-title elementor-size-default">QUEL COURS CHOISIR ET COMMENT LE RÉSERVER ?</h4>				</div>
				<div class="elementor-element elementor-element-d910bbc elementor-widget__width-inherit elementor-widget elementor-widget-text-editor" data-id="d910bbc" data-element_type="widget" data-e-type="widget" data-widget_type="text-editor.default">
									<p>Veuillez consulter nos <strong><a href="/pilates-biarritz/">cours de Pilates</a></strong> et <strong><a title="Planning" href="https://calmastudio.com/booking/planning/">notre planning</a></strong> pour bien choisir votre cours.</p><p>Les cours collectifs sont réservés via le formulaire ci-dessous. </p><p>Les élèves avec<strong> un forfait – </strong>veuillez réserver en utilisant  <a title="Client login" href="https://calmastudio.com/booking/customer-panel/"><strong>MON COMPTE</strong></a></p><p>Les cours privés sont réservés uniquement sur rendez-vous. <strong><a title="Contactez-nous" href="/contact/">Contactez-nous</a></strong> directement.</p>								</div>
				<div class="elementor-element elementor-element-dde8a77 elementor-widget__width-inherit elementor-widget elementor-widget-text-editor" data-id="dde8a77" data-element_type="widget" data-e-type="widget" data-widget_type="text-editor.default">
									<p><strong>ATTENTION<br /></strong><strong>Tous les cours sur Appareils sont personnalisées.<br /></strong><em>( aussi ouverts aux femmes enceintes et mamans en postnatal, sans bébés )</em><strong><br /></strong><strong>Le créneau Pré &amp; Postnatal sur Appareils<br /></strong><em>( bébés bienvenus ) &#8211; Mercredi 12h15 &#8211; est aussi disponible aux autres élèves. </em></p>								</div>
				</div>
				</div>
		<div class="elementor-element elementor-element-073ab7a e-con-full e-flex wpr-particle-no wpr-jarallax-no wpr-parallax-no wpr-sticky-section-no wpr-equal-height-no e-con e-parent" data-id="073ab7a" data-element_type="container" data-e-type="container" data-settings="{&quot;background_background&quot;:&quot;classic&quot;,&quot;sticky_logo_enable&quot;:&quot;no&quot;}">
		<div class="elementor-element elementor-element-24a1cce e-con-full e-flex wpr-particle-no wpr-jarallax-no wpr-parallax-no wpr-sticky-section-no wpr-equal-height-no e-con e-child" data-id="24a1cce" data-element_type="container" data-e-type="container" data-settings="{&quot;sticky_logo_enable&quot;:&quot;no&quot;}">
				<div class="elementor-element elementor-element-061399d elementor-widget elementor-widget-text-editor" data-id="061399d" data-element_type="widget" data-e-type="widget" data-widget_type="text-editor.default">
									<h3>INFORMATIONS IMPORTANTES </h3><p>Les annulations et les reports sont possibles jusqu&rsquo;à <strong>24h</strong> avant les cours uniquement.  Passé ce délai, le cours sera considéré comme dû. </p><p>Comme notre studio est de petite taille et que les places sont limitées, cette politique nous aide à en assurer le bon fonctionnement.</p><p>Merci de votre compréhension. </p>								</div>
				</div>
				</div>
		<div class="elementor-element elementor-element-7834e01 e-flex e-con-boxed wpr-particle-no wpr-jarallax-no wpr-parallax-no wpr-sticky-section-no wpr-equal-height-no e-con e-parent" data-id="7834e01" data-element_type="container" data-e-type="container" data-settings="{&quot;sticky_logo_enable&quot;:&quot;no&quot;}">
					<div class="e-con-inner">
				<div class="elementor-element elementor-element-37dac67 elementor-widget__width-inherit elementor-widget elementor-widget-catalogbooking" data-id="37dac67" data-element_type="widget" data-e-type="widget" data-widget_type="catalogbooking.default">
				<div class="elementor-widget-container">
					
<script data-jetpack-boost="ignore">
  if (typeof hasAmeliaEntitiesApiCall === 'undefined' && ('' === '' && '' !== '1')) {
    var hasAmeliaEntitiesApiCall = true;
  }
  var ameliaShortcodeData = (typeof ameliaShortcodeData === 'undefined') ? [] : ameliaShortcodeData;
  ameliaShortcodeData.push(
    {
      'hasApiCall': (typeof hasAmeliaEntitiesApiCall !== 'undefined') && hasAmeliaEntitiesApiCall,
      'trigger': '',
      'trigger_type': '',
      'triggered_form': 'cbf',
      'in_dialog': '',
      'show': 'services',
      'counter': '1000',
      'package': '',
      'category': '3',
      'service': '',
      'employee': '1',
      'location': '',
      'categories_hidden': ''
    }
  );
  var ameliaShortcodeDataTriggered = (typeof ameliaShortcodeDataTriggered === 'undefined') ? [] : ameliaShortcodeDataTriggered;
  if (ameliaShortcodeData[ameliaShortcodeData.length - 1].trigger !== '') {
    if (ameliaShortcodeDataTriggered.filter(a => a.counter === ameliaShortcodeData[ameliaShortcodeData.length - 1].counter).length === 0) {
      ameliaShortcodeDataTriggered.push(ameliaShortcodeData.pop());
    } else {
      ameliaShortcodeData.pop()
    }
  }
  if (typeof hasAmeliaEntitiesApiCall !== 'undefined' && hasAmeliaEntitiesApiCall) {
    hasAmeliaEntitiesApiCall = false;
  }
</script>

<div
  id="amelia-v2-booking-1000"
  class="amelia-v2-booking"
>
    <catalog-form-wrapper></catalog-form-wrapper></div>
				</div>
				</div>
					</div>
				</div>
				</div>

<p>RÉSERVEZ VOS COURS QUEL COURS CHOISIR ET COMMENT LE RÉSERVER ? Veuillez consulter nos cours de Pilates et notre planning pour bien choisir votre cours. Les cours collectifs sont réservés via le formulaire ci-dessous.  Les élèves avec un forfait – veuillez réserver en utilisant  MON COMPTE Les cours privés sont réservés uniquement sur rendez-vous. Contactez-nous directement. ATTENTIONTous les cours sur Appareils sont personnalisées.( aussi ouverts aux femmes enceintes et mamans en postnatal, sans bébés )Le créneau Pré &amp; Postnatal sur Appareils( bébés bienvenus ) &#8211; Mercredi 12h15 &#8211; est aussi disponible aux autres élèves.  INFORMATIONS IMPORTANTES  Les annulations et les reports sont possibles jusqu&rsquo;à 24h avant les cours uniquement.  Passé ce délai, le cours sera considéré comme dû.  Comme notre studio est de petite taille et que les places sont limitées, cette politique nous aide à en assurer le bon fonctionnement. Merci de votre compréhension. </p>
